{"id":473,"date":"2014-06-26T16:01:34","date_gmt":"2014-06-26T16:01:34","guid":{"rendered":"http:\/\/codestarlive.com\/themes\/routewp\/?page_id=473"},"modified":"2020-11-23T13:21:08","modified_gmt":"2020-11-23T12:21:08","slug":"project","status":"publish","type":"page","link":"https:\/\/www.participation4-0.eu\/fr\/project\/","title":{"rendered":"Le projet"},"content":{"rendered":"<section class=\"cs-section\"><div class=\"container\"><div class=\"row\"><div class=\"col-md-12\"><div class=\"cs-column-inner\"><div class=\"cs-column-text\"><p>Le projet Interreg V Rhin Sup\u00e9rieur <strong><em>Participation<\/em><\/strong> <strong><em>4.0 : Travail inclusif sans fronti\u00e8res <\/em><\/strong>porte sur la cr\u00e9ation d\u2019emplois pour des personnes en situation de handicap, l\u2019inclusion dans les entreprises et l\u2019augmentation de la mobilit\u00e9 transfrontali\u00e8re.<\/p>\n<p>Avec les diff\u00e9rences de taux de ch\u00f4mage entre la France et l\u2019Allemagne, le travail transfrontalier gagne de plus en plus en importance. Cependant, les barri\u00e8res administratives et logistiques entre les deux pays peuvent parfois se r\u00e9v\u00e9ler d\u00e9courageantes, et cela encore plus pour les personnes en situation de handicap.<\/p>\n<\/div><hr class=\"cs-space\">[vc_video link=\u00a0\u00bbhttps:\/\/youtu.be\/0KJeR53k7ss\u00a0\u00bb]<hr class=\"cs-space\"><\/div><\/div><\/div><\/div><\/section><section class=\"cs-section no-padding\"><div class=\"container\"><div class=\"row\"><div class=\"col-md-6 cs-animation fadeInDown\"><div class=\"cs-column-inner\"><div class=\"cs-fancybox cs-fancybox-custom cs-fancybox-bgcolor cs-fancybox-tc cs-fancybox-md\" style=\"border-color:#428bca;\"><div class=\"cs-in fa fa-check cs-icon cs-icon-accent cs-icon-bgcolor cs-icon-circle cs-icon-md\"><\/div><h4 class=\"cs-fancybox-heading\">Pr\u00e9sentation<\/h4><div class=\"cs-fancybox-text\"><p>D\u00e9couvrez l&rsquo;historique et les objectifs du projet Participation 4.0<\/p>\n<p><a href=\"https:\/\/www.participation4-0.eu\/fr\/project\/praesentation\/\">En savoir plus<\/a><\/p>\n<\/div><\/div><\/div><\/div><div class=\"col-md-6\"><div class=\"cs-column-inner\"><div class=\"cs-fancybox cs-fancybox-custom cs-fancybox-bgcolor cs-fancybox-tc cs-fancybox-md\" style=\"border-color:#428bca;\"><div class=\"cs-in fa fa-check cs-icon cs-icon-accent cs-icon-bgcolor cs-icon-circle cs-icon-md\"><\/div><h4 class=\"cs-fancybox-heading\">Comparaison transfrontali\u00e8re<\/h4><div class=\"cs-fancybox-text\"><p>L\u2019emploi des personnes en situation de handicap : Comparaison transfrontali\u00e8re<\/p>\n<p><a href=\"https:\/\/www.participation4-0.eu\/fr\/project\/benchmark\/\">En savoir plus<\/a><\/p>\n<\/div><\/div><\/div><\/div><\/div><\/div><\/section><section class=\"cs-section no-padding\"><div class=\"container\"><div class=\"row\"><div class=\"col-md-6 cs-animation fadeInDown\"><div class=\"cs-column-inner\"><div class=\"cs-fancybox cs-fancybox-custom cs-fancybox-bgcolor cs-fancybox-tc cs-fancybox-md\" style=\"border-color:#428bca;\"><div class=\"cs-in fa fa-check cs-icon cs-icon-accent cs-icon-bgcolor cs-icon-circle cs-icon-md\"><\/div><h4 class=\"cs-fancybox-heading\">Partenaires cofinanceurs<\/h4><div class=\"cs-fancybox-text\"><p>D\u00e9couvrez les informations relatives au porteur du projet et les deux partenaires cofinanceurs.<\/p>\n<p><a href=\"https:\/\/www.participation4-0.eu\/fr\/project\/finanzierende-partner\/\">En savoir plus<\/a><\/p>\n<\/div><\/div><\/div><\/div><div class=\"col-md-6\"><div class=\"cs-column-inner\"><div class=\"cs-fancybox cs-fancybox-custom cs-fancybox-bgcolor cs-fancybox-tc cs-fancybox-md\" style=\"border-color:#428bca;\"><div class=\"cs-in fa fa-check cs-icon cs-icon-accent cs-icon-bgcolor cs-icon-circle cs-icon-md\"><\/div><h4 class=\"cs-fancybox-heading\">Partenaires associ\u00e9s<\/h4><div class=\"cs-fancybox-text\"><p>D\u00e9couvrez les informations relatives aux partenaires, qui se sont associ\u00e9s au projet.<\/p>\n<p><a href=\"https:\/\/www.participation4-0.eu\/fr\/project\/assoziierte-partner\/\">En savoir plus<\/a><\/p>\n<\/div><\/div><\/div><\/div><\/div><\/div><\/section>\n","protected":false},"excerpt":{"rendered":"<p><span class=\"entry-read-more\"><a href=\"https:\/\/www.participation4-0.eu\/fr\/project\/\" class=\"cs-btn cs-btn-flat cs-btn-rounded cs-btn-xxs cs-btn-flat-accent\">Lire la suite<\/a><\/span><\/p>\n","protected":false},"author":1,"featured_media":0,"parent":0,"menu_order":20,"comment_status":"open","ping_status":"open","template":"","meta":{"footnotes":""},"class_list":["post-473","page","type-page","status-publish","hentry"],"_links":{"self":[{"href":"https:\/\/www.participation4-0.eu\/fr\/wp-json\/wp\/v2\/pages\/473","targetHints":{"allow":["GET"]}}],"collection":[{"href":"https:\/\/www.participation4-0.eu\/fr\/wp-json\/wp\/v2\/pages"}],"about":[{"href":"https:\/\/www.participation4-0.eu\/fr\/wp-json\/wp\/v2\/types\/page"}],"author":[{"embeddable":true,"href":"https:\/\/www.participation4-0.eu\/fr\/wp-json\/wp\/v2\/users\/1"}],"replies":[{"embeddable":true,"href":"https:\/\/www.participation4-0.eu\/fr\/wp-json\/wp\/v2\/comments?post=473"}],"version-history":[{"count":74,"href":"https:\/\/www.participation4-0.eu\/fr\/wp-json\/wp\/v2\/pages\/473\/revisions"}],"predecessor-version":[{"id":6388,"href":"https:\/\/www.participation4-0.eu\/fr\/wp-json\/wp\/v2\/pages\/473\/revisions\/6388"}],"wp:attachment":[{"href":"https:\/\/www.participation4-0.eu\/fr\/wp-json\/wp\/v2\/media?parent=473"}],"curies":[{"name":"wp","href":"https:\/\/api.w.org\/{rel}","templated":true}]}}

<section class="cs-section"><div class="container"><div class="row"><div class="col-md-12"><div class="cs-column-inner"><div class="cs-column-text"><p>Le projet Interreg V Rhin Supérieur <strong><em>Participation</em></strong> <strong><em>4.0 : Travail inclusif sans frontières </em></strong>porte sur la création d’emplois pour des personnes en situation de handicap, l’inclusion dans les entreprises et l’augmentation de la mobilité transfrontalière.</p>
<p>Avec les différences de taux de chômage entre la France et l’Allemagne, le travail transfrontalier gagne de plus en plus en importance. Cependant, les barrières administratives et logistiques entre les deux pays peuvent parfois se révéler décourageantes, et cela encore plus pour les personnes en situation de handicap.</p>
</div><hr class="cs-space">[vc_video link= »https://youtu.be/0KJeR53k7ss »]<hr class="cs-space"></div></div></div></div></section><section class="cs-section no-padding"><div class="container"><div class="row"><div class="col-md-6 cs-animation fadeInDown"><div class="cs-column-inner"><div class="cs-fancybox cs-fancybox-custom cs-fancybox-bgcolor cs-fancybox-tc cs-fancybox-md" style="border-color:#428bca;"><div class="cs-in fa fa-check cs-icon cs-icon-accent cs-icon-bgcolor cs-icon-circle cs-icon-md"></div><h4 class="cs-fancybox-heading">Présentation</h4><div class="cs-fancybox-text"><p>Découvrez l&rsquo;historique et les objectifs du projet Participation 4.0</p>
<p><a href="https://www.participation4-0.eu/fr/project/praesentation/">En savoir plus</a></p>
</div></div></div></div><div class="col-md-6"><div class="cs-column-inner"><div class="cs-fancybox cs-fancybox-custom cs-fancybox-bgcolor cs-fancybox-tc cs-fancybox-md" style="border-color:#428bca;"><div class="cs-in fa fa-check cs-icon cs-icon-accent cs-icon-bgcolor cs-icon-circle cs-icon-md"></div><h4 class="cs-fancybox-heading">Comparaison transfrontalière</h4><div class="cs-fancybox-text"><p>L’emploi des personnes en situation de handicap : Comparaison transfrontalière</p>
<p><a href="https://www.participation4-0.eu/fr/project/benchmark/">En savoir plus</a></p>
</div></div></div></div></div></div></section><section class="cs-section no-padding"><div class="container"><div class="row"><div class="col-md-6 cs-animation fadeInDown"><div class="cs-column-inner"><div class="cs-fancybox cs-fancybox-custom cs-fancybox-bgcolor cs-fancybox-tc cs-fancybox-md" style="border-color:#428bca;"><div class="cs-in fa fa-check cs-icon cs-icon-accent cs-icon-bgcolor cs-icon-circle cs-icon-md"></div><h4 class="cs-fancybox-heading">Partenaires cofinanceurs</h4><div class="cs-fancybox-text"><p>Découvrez les informations relatives au porteur du projet et les deux partenaires cofinanceurs.</p>
<p><a href="https://www.participation4-0.eu/fr/project/finanzierende-partner/">En savoir plus</a></p>
</div></div></div></div><div class="col-md-6"><div class="cs-column-inner"><div class="cs-fancybox cs-fancybox-custom cs-fancybox-bgcolor cs-fancybox-tc cs-fancybox-md" style="border-color:#428bca;"><div class="cs-in fa fa-check cs-icon cs-icon-accent cs-icon-bgcolor cs-icon-circle cs-icon-md"></div><h4 class="cs-fancybox-heading">Partenaires associés</h4><div class="cs-fancybox-text"><p>Découvrez les informations relatives aux partenaires, qui se sont associés au projet.</p>
<p><a href="https://www.participation4-0.eu/fr/project/assoziierte-partner/">En savoir plus</a></p>
</div></div></div></div></div></div></section>
