{"id":5183,"date":"2020-05-28T16:52:36","date_gmt":"2020-05-28T14:52:36","guid":{"rendered":"https:\/\/www.participation4-0.eu\/version2\/?page_id=5183"},"modified":"2020-11-23T13:22:14","modified_gmt":"2020-11-23T12:22:14","slug":"praesentation","status":"publish","type":"page","link":"https:\/\/www.participation4-0.eu\/fr\/project\/praesentation\/","title":{"rendered":"Pr\u00e9sentation"},"content":{"rendered":"<section class=\"cs-section\"><div class=\"container\"><div class=\"row\"><div class=\"col-md-12\"><div class=\"cs-column-inner\"><div class=\"cs-column-text\"><p>Le projet Interreg V Rhin Sup\u00e9rieur <strong><em>Participation<\/em><\/strong> <strong><em>4.0 : Travail inclusif sans fronti\u00e8res <\/em><\/strong>porte sur la cr\u00e9ation d\u2019emplois pour des personnes en situation de handicap, l\u2019inclusion dans les entreprises et l\u2019augmentation de la mobilit\u00e9 transfrontali\u00e8re.<\/p>\n<p>Avec les diff\u00e9rences de taux de ch\u00f4mage entre la France et l\u2019Allemagne, le travail transfrontalier gagne de plus en plus en importance. Cependant, les barri\u00e8res administratives et logistiques entre les deux pays peuvent parfois se r\u00e9v\u00e9ler d\u00e9courageantes, et cela encore plus pour les personnes en situation de handicap.<\/p>\n<\/div><div class=\"cs-column-text\"><p>Les actions du projet visent une meilleure employabilit\u00e9 des personnes en situation de handicap, notamment \u00e0 travers l\u2019am\u00e9lioration de leurs comp\u00e9tences et qualifications professionnelles. Pour y parvenir, il s\u2019agit de trouver en Allemagne des offres d\u2019emploi adapt\u00e9es gr\u00e2ce \u00e0 un rapprochement syst\u00e9mique du besoin \/ de l\u2019offre, au d\u00e9veloppement de qualifications transfrontali\u00e8res et \u00e0 la mise en \u0153uvre de dispositifs favorisant la mobilit\u00e9 sous tous ses aspects pour ce public.<\/p>\n<\/div><div class=\"cs-column-text\"><p>Ce projet franco-allemand est port\u00e9 par ASW+W gemeinnu\u0308tzige GmbH \u00e0 Offenburg et associe deux entreprises sociales fran\u00e7aises : R\u00e9gie des Ecrivains et Solivers. Le projet d\u2019une dur\u00e9e de trois ans et demi a d\u00e9marr\u00e9 le 1<sup>er<\/sup> septembre 2017.<\/p>\n<\/div><div class=\"cs-divider-icon text-center\"><div class=\"cs-divider-icon-inner\" style=\"color:#e0e0e0;border-top-color:#e0e0e0;\"><i class=\"cs-in fa fa-check-circle\"><\/i><\/div><\/div>[vc_empty_space]<\/div><\/div><\/div><\/div><\/section><section class=\"cs-section no-padding\"><div class=\"container\"><div class=\"row\"><div class=\"col-md-4 cs-animation fadeInDown\"><div class=\"cs-column-inner\"><div class=\"cs-fancybox cs-fancybox-accent cs-fancybox-bgcolor cs-fancybox-tc cs-fancybox-md\"><div class=\"cs-in fa fa-check cs-icon cs-icon-accent cs-icon-bgcolor cs-icon-circle cs-icon-md\"><\/div><h4 class=\"cs-fancybox-heading\">Soutien<\/h4><div class=\"cs-fancybox-text\"><p>aux personnes en situation de handicap<\/p>\n<\/div><\/div><hr class=\"cs-space\"><\/div><\/div><div class=\"col-md-4 cs-animation fadeInDown\" data-delay=\"0.1\"><div class=\"cs-column-inner\">[vc_single_image image=\u00a0\u00bb5022&Prime; img_size=\u00a0\u00bb200&#215;200&Prime; alignment=\u00a0\u00bbcenter\u00a0\u00bb]<\/div><\/div><div class=\"col-md-4\"><div class=\"cs-column-inner\"><div class=\"cs-fancybox cs-fancybox-accent cs-fancybox-bgcolor cs-fancybox-tc cs-fancybox-md\"><div class=\"cs-in fa fa-check cs-icon cs-icon-accent cs-icon-bgcolor cs-icon-circle cs-icon-md\"><\/div><h4 class=\"cs-fancybox-heading\">Soutien<\/h4><div class=\"cs-fancybox-text\"><p>aux entreprises<\/p>\n<\/div><\/div><hr class=\"cs-space\"><\/div><\/div><\/div><\/div><\/section><section class=\"cs-section no-padding\"><div class=\"container\"><div class=\"row\"><div class=\"col-md-4 cs-animation fadeInDown\"><div class=\"cs-column-inner\"><\/div><\/div><div class=\"col-md-4 cs-animation fadeInDown\" data-delay=\"0.1\"><div class=\"cs-column-inner\"><div class=\"cs-fancybox cs-fancybox-accent cs-fancybox-bgcolor cs-fancybox-tc cs-fancybox-md\"><div class=\"cs-in fa fa-check cs-icon cs-icon-accent cs-icon-bgcolor cs-icon-circle cs-icon-md\"><\/div><h4 class=\"cs-fancybox-heading\">Outils innovants<\/h4><div class=\"cs-fancybox-text\"><\/div><\/div><hr class=\"cs-space\"><\/div><\/div><div class=\"col-md-4\"><div class=\"cs-column-inner\"><\/div><\/div><\/div><\/div><\/section><section class=\"cs-section\"><div class=\"container\"><div class=\"row\"><div class=\"col-md-12\"><div class=\"cs-column-inner\">[vc_empty_space]<div class=\"cs-divider-icon text-center\"><div class=\"cs-divider-icon-inner\" style=\"color:#e0e0e0;border-top-color:#e0e0e0;\"><i class=\"cs-in fa fa-check-circle\"><\/i><\/div><\/div>[vc_empty_space][vc_custom_heading text=\u00a0\u00bbCoop\u00e9ration de longue date entre les partenaires\u00a0\u00bb use_theme_fonts=\u00a0\u00bbyes\u00a0\u00bb][vc_empty_space height=\u00a0\u00bb10px\u00a0\u00bb]<div class=\"cs-column-text\"><p>Ce projet franco-allemand est n\u00e9 d\u2019une coop\u00e9ration de longue date entre trois partenaires habitu\u00e9s \u00e0 travailler sur des projets visant \u00e0 favoriser l\u2019inclusion par l\u2019emploi, au niveau local comme europ\u00e9en.<\/p>\n<p>Forts de leurs exp\u00e9riences respectives, ces trois partenaires ont d\u00e9velopp\u00e9 une expertise dans des domaines compl\u00e9mentaires et ont en commun:<\/p>\n<ul>\n<li>Public cible : personnes de bas niveau de qualification et en situation de handicap<\/li>\n<li>Formation professionnelle (Formation et \u00e9valuation en situation de travail)<\/li>\n<li>Insertion sociale et professionnelle<\/li>\n<\/ul>\n<\/div><\/div><\/div><\/div><\/div><\/section><section class=\"cs-section lg-padding text-center\"><div class=\"container\"><div class=\"row\"><div class=\"col-md-6\"><div class=\"cs-column-inner\">[vc_single_image image=\u00a0\u00bb4886&Prime; img_size=\u00a0\u00bb400&#215;400&Prime; alignment=\u00a0\u00bbcenter\u00a0\u00bb]<\/div><\/div><div class=\"col-md-6\"><div class=\"cs-column-inner\">[vc_single_image image=\u00a0\u00bb4867&Prime; img_size=\u00a0\u00bb400&#215;400&Prime; alignment=\u00a0\u00bbcenter\u00a0\u00bb]<\/div><\/div><\/div><\/div><\/section>\n","protected":false},"excerpt":{"rendered":"<p><span class=\"entry-read-more\"><a href=\"https:\/\/www.participation4-0.eu\/fr\/project\/praesentation\/\" class=\"cs-btn cs-btn-flat cs-btn-rounded cs-btn-xxs cs-btn-flat-accent\">Lire la suite<\/a><\/span><\/p>\n","protected":false},"author":1,"featured_media":0,"parent":473,"menu_order":17,"comment_status":"open","ping_status":"open","template":"","meta":{"footnotes":""},"class_list":["post-5183","page","type-page","status-publish","hentry"],"_links":{"self":[{"href":"https:\/\/www.participation4-0.eu\/fr\/wp-json\/wp\/v2\/pages\/5183","targetHints":{"allow":["GET"]}}],"collection":[{"href":"https:\/\/www.participation4-0.eu\/fr\/wp-json\/wp\/v2\/pages"}],"about":[{"href":"https:\/\/www.participation4-0.eu\/fr\/wp-json\/wp\/v2\/types\/page"}],"author":[{"embeddable":true,"href":"https:\/\/www.participation4-0.eu\/fr\/wp-json\/wp\/v2\/users\/1"}],"replies":[{"embeddable":true,"href":"https:\/\/www.participation4-0.eu\/fr\/wp-json\/wp\/v2\/comments?post=5183"}],"version-history":[{"count":22,"href":"https:\/\/www.participation4-0.eu\/fr\/wp-json\/wp\/v2\/pages\/5183\/revisions"}],"predecessor-version":[{"id":6390,"href":"https:\/\/www.participation4-0.eu\/fr\/wp-json\/wp\/v2\/pages\/5183\/revisions\/6390"}],"up":[{"embeddable":true,"href":"https:\/\/www.participation4-0.eu\/fr\/wp-json\/wp\/v2\/pages\/473"}],"wp:attachment":[{"href":"https:\/\/www.participation4-0.eu\/fr\/wp-json\/wp\/v2\/media?parent=5183"}],"curies":[{"name":"wp","href":"https:\/\/api.w.org\/{rel}","templated":true}]}}

Présentation

<section class="cs-section"><div class="container"><div class="row"><div class="col-md-12"><div class="cs-column-inner"><div class="cs-column-text"><p>Le projet Interreg V Rhin Supérieur <strong><em>Participation</em></strong> <strong><em>4.0 : Travail inclusif sans frontières </em></strong>porte sur la création d’emplois pour des personnes en situation de handicap, l’inclusion dans les entreprises et l’augmentation de la mobilité transfrontalière.</p>
<p>Avec les différences de taux de chômage entre la France et l’Allemagne, le travail transfrontalier gagne de plus en plus en importance. Cependant, les barrières administratives et logistiques entre les deux pays peuvent parfois se révéler décourageantes, et cela encore plus pour les personnes en situation de handicap.</p>
</div><div class="cs-column-text"><p>Les actions du projet visent une meilleure employabilité des personnes en situation de handicap, notamment à travers l’amélioration de leurs compétences et qualifications professionnelles. Pour y parvenir, il s’agit de trouver en Allemagne des offres d’emploi adaptées grâce à un rapprochement systémique du besoin / de l’offre, au développement de qualifications transfrontalières et à la mise en œuvre de dispositifs favorisant la mobilité sous tous ses aspects pour ce public.</p>
</div><div class="cs-column-text"><p>Ce projet franco-allemand est porté par ASW+W gemeinnützige GmbH à Offenburg et associe deux entreprises sociales françaises : Régie des Ecrivains et Solivers. Le projet d’une durée de trois ans et demi a démarré le 1<sup>er</sup> septembre 2017.</p>
</div><div class="cs-divider-icon text-center"><div class="cs-divider-icon-inner" style="color:#e0e0e0;border-top-color:#e0e0e0;"><i class="cs-in fa fa-check-circle"></i></div></div>[vc_empty_space]</div></div></div></div></section><section class="cs-section no-padding"><div class="container"><div class="row"><div class="col-md-4 cs-animation fadeInDown"><div class="cs-column-inner"><div class="cs-fancybox cs-fancybox-accent cs-fancybox-bgcolor cs-fancybox-tc cs-fancybox-md"><div class="cs-in fa fa-check cs-icon cs-icon-accent cs-icon-bgcolor cs-icon-circle cs-icon-md"></div><h4 class="cs-fancybox-heading">Soutien</h4><div class="cs-fancybox-text"><p>aux personnes en situation de handicap</p>
</div></div><hr class="cs-space"></div></div><div class="col-md-4 cs-animation fadeInDown" data-delay="0.1"><div class="cs-column-inner">[vc_single_image image= »5022&Prime; img_size= »200&#215;200&Prime; alignment= »center »]</div></div><div class="col-md-4"><div class="cs-column-inner"><div class="cs-fancybox cs-fancybox-accent cs-fancybox-bgcolor cs-fancybox-tc cs-fancybox-md"><div class="cs-in fa fa-check cs-icon cs-icon-accent cs-icon-bgcolor cs-icon-circle cs-icon-md"></div><h4 class="cs-fancybox-heading">Soutien</h4><div class="cs-fancybox-text"><p>aux entreprises</p>
</div></div><hr class="cs-space"></div></div></div></div></section><section class="cs-section no-padding"><div class="container"><div class="row"><div class="col-md-4 cs-animation fadeInDown"><div class="cs-column-inner"></div></div><div class="col-md-4 cs-animation fadeInDown" data-delay="0.1"><div class="cs-column-inner"><div class="cs-fancybox cs-fancybox-accent cs-fancybox-bgcolor cs-fancybox-tc cs-fancybox-md"><div class="cs-in fa fa-check cs-icon cs-icon-accent cs-icon-bgcolor cs-icon-circle cs-icon-md"></div><h4 class="cs-fancybox-heading">Outils innovants</h4><div class="cs-fancybox-text"></div></div><hr class="cs-space"></div></div><div class="col-md-4"><div class="cs-column-inner"></div></div></div></div></section><section class="cs-section"><div class="container"><div class="row"><div class="col-md-12"><div class="cs-column-inner">[vc_empty_space]<div class="cs-divider-icon text-center"><div class="cs-divider-icon-inner" style="color:#e0e0e0;border-top-color:#e0e0e0;"><i class="cs-in fa fa-check-circle"></i></div></div>[vc_empty_space][vc_custom_heading text= »Coopération de longue date entre les partenaires » use_theme_fonts= »yes »][vc_empty_space height= »10px »]<div class="cs-column-text"><p>Ce projet franco-allemand est né d’une coopération de longue date entre trois partenaires habitués à travailler sur des projets visant à favoriser l’inclusion par l’emploi, au niveau local comme européen.</p>
<p>Forts de leurs expériences respectives, ces trois partenaires ont développé une expertise dans des domaines complémentaires et ont en commun:</p>
<ul>
<li>Public cible : personnes de bas niveau de qualification et en situation de handicap</li>
<li>Formation professionnelle (Formation et évaluation en situation de travail)</li>
<li>Insertion sociale et professionnelle</li>
</ul>
</div></div></div></div></div></section><section class="cs-section lg-padding text-center"><div class="container"><div class="row"><div class="col-md-6"><div class="cs-column-inner">[vc_single_image image= »4886&Prime; img_size= »400&#215;400&Prime; alignment= »center »]</div></div><div class="col-md-6"><div class="cs-column-inner">[vc_single_image image= »4867&Prime; img_size= »400&#215;400&Prime; alignment= »center »]</div></div></div></div></section>
