{"id":5341,"date":"2020-05-29T10:53:10","date_gmt":"2020-05-29T08:53:10","guid":{"rendered":"https:\/\/www.participation4-0.eu\/version2\/?page_id=5341"},"modified":"2021-07-27T10:40:02","modified_gmt":"2021-07-27T08:40:02","slug":"mobirhin","status":"publish","type":"page","link":"https:\/\/www.participation4-0.eu\/fr\/arbeitgeber\/mobirhin\/","title":{"rendered":"MobiRhin"},"content":{"rendered":"<section class=\"cs-section\"><div class=\"container\"><div class=\"row\"><div class=\"col-md-12\"><div class=\"cs-column-inner\"><div class=\"cs-column-text\"><p><strong>Un outil au service de la transparence et de la reconnaissance des comp\u00e9tences<\/strong><\/p>\n<p>L\u2019outil num\u00e9rique MobiRhin est un <strong>outil facilitateur de parcours<\/strong>. Il trace et valorise les comp\u00e9tences des salari\u00e9s acquises en situation de travail, au rythme de chacun, et permet de les accompagner vers la certification partielle ou compl\u00e8te. L\u2019outil fait partie d\u2019un dispositif complet d\u2019accompagnement de parcours professionnel.<\/p>\n<p>MobiRhin vise une <strong>transparence<\/strong> totale du r\u00e9f\u00e9rentiel m\u00e9tier au poste de travail. Cette transparence se fait gr\u00e2ce \u00e0 un travail d\u2019analyse franco-allemand de descripteurs et indicateurs de performance qui donne l\u00e9gitimit\u00e9 franco-allemande pour chaque mesure d\u2019activit\u00e9 r\u00e9ussie.<\/p>\n<p>MobiRhin repose sur des r\u00e9f\u00e9rentiels m\u00e9tiers organis\u00e9s selon le syst\u00e8me europ\u00e9en ECVET en Unit\u00e9s d\u2019Acquis d\u2019Apprentissages, elles-m\u00eames d\u00e9compos\u00e9es en comp\u00e9tences, connaissances, aptitudes.<\/p>\n<p>Cliquez sur le m\u00e9tier qui vous int\u00e9resse et retrouvez la version allemande correspondante:<\/p>\n<p><a href=\"https:\/\/www.participation4-0.eu\/wp-content\/uploads\/2021\/02\/Operateur-de-production_Produktionshelfer.pdf\"><strong>Op\u00e9rateur de production<\/strong> \/ Produktionshelfer<\/a><\/p>\n<p><a href=\"https:\/\/www.participation4-0.eu\/wp-content\/uploads\/2021\/02\/Agent-logistique_Fachpraktiker-Logistik.pdf\"><strong>Agent logistique<\/strong> \/ Fachpraktiker f\u00fcr Lagerlogistik<\/a><\/p>\n<p><a href=\"https:\/\/www.participation4-0.eu\/wp-content\/uploads\/2021\/02\/Peintre-Maler.pdf\"><strong>Peintre<\/strong> \/ Bauten-und Objektbeschichter im Maler- und Lackierergewerbe<\/a><\/p>\n<p><a href=\"https:\/\/www.participation4-0.eu\/wp-content\/uploads\/2021\/02\/ADVF_Hauswirtschaftskraft.pdf\"><strong>Assistant(e) de vie aux familles<\/strong> \/ Hauswirtschaftsassistent und Kinderbetreuung<\/a><\/p>\n<p><a href=\"https:\/\/www.participation4-0.eu\/wp-content\/uploads\/2021\/02\/OuvrierEspacesverts_Helfer.pdf\"><strong>Op\u00e9rateur des espaces verts<\/strong> \/ Landschaftspflege Helfer<\/a><\/p>\n<p><a href=\"https:\/\/www.participation4-0.eu\/wp-content\/uploads\/2021\/07\/Agent-de-proprete_Reinigungskraft.pdf\"><strong>Agent de propret\u00e9 et d\u2019hygi\u00e8ne \/ <\/strong>Helfer im Reinigungsgewerbe<br \/>\n<\/a><strong><br \/>\n<\/strong><\/p>\n<p>Chaque unit\u00e9 peut faire l\u2019objet d\u2019une \u00e9valuation, validation, et reconnaissance. Les unit\u00e9s valid\u00e9es lors des \u00e9valuations sont accumul\u00e9es et reconnues dans un passeport de comp\u00e9tences, g\u00e9n\u00e9r\u00e9 automatiquement.<\/p>\n<\/div><div class=\"cs-column-text\"><p><strong>Un outil franco-allemand<\/strong><\/p>\n<p>MobiRhin a \u00e9t\u00e9 d\u00e9velopp\u00e9 en franco-allemand. Il repose sur des r\u00e9f\u00e9rentiels valides et reconnus de part et d\u2019autre de la fronti\u00e8re, compos\u00e9s de descripteurs communs permettant la concordance entre les pratiques professionnelles et r\u00e9f\u00e9rentiels m\u00e9tier fran\u00e7ais et allemands.<\/p>\n<p>MobiRhin dispose donc d\u2019une l\u00e9gitimit\u00e9 \u00e0 la fois en France et en Allemagne, d\u2019autant plus qu\u2019il est utilis\u00e9 de la m\u00eame mani\u00e8re dans les deux pays, en toute confiance.<\/p>\n<p>MobiRhin a vocation \u00e0 \u00eatre utilis\u00e9 par les entreprises partenaires, fran\u00e7aises ou allemandes. Gr\u00e2ce \u00e0 des \u00e9valuations en situation de travail, ces entreprises enrichissent le portefeuille de comp\u00e9tences de la personne, et facilitent ainsi sa mobilit\u00e9 professionnelle d\u2019un pays \u00e0 l\u2019autre.<\/p>\n<\/div><div class=\"cs-divider-icon text-center\"><div class=\"cs-divider-icon-inner\" style=\"color:#e0e0e0;border-top-color:#e0e0e0;\"><i class=\"cs-in fa fa-check-circle\"><\/i><\/div><\/div><div class=\"cs-column-text\"><p style=\"text-align: center;\"><strong><em>Pour en savoir plus, je t\u00e9l\u00e9charge le <\/em><\/strong><a href=\"https:\/\/www.participation4-0.eu\/wp-content\/uploads\/2021\/02\/Tutoriel.pdf\"><strong><em>tutoriel d&rsquo;utillisation<\/em><\/strong><\/a><\/p>\n<\/div><div class=\"cs-divider-icon text-center\"><div class=\"cs-divider-icon-inner\" style=\"color:#e0e0e0;border-top-color:#e0e0e0;\"><i class=\"cs-in fa fa-check-circle\"><\/i><\/div><\/div>[vc_empty_space]<\/div><\/div><\/div><\/div><\/section><section class=\"cs-section lg-padding\" style=\" background-color: #7b2b29;\"><div class=\"container\"><div class=\"row\"><div class=\"col-md-12\"><div class=\"cs-column-inner\"><div class=\"cs-column-text cs-animation fadeIn\"><h2 style=\"padding-left: 40px;\"><span style=\"color: #ffffff;\">Vous souhaitez \u00e9valuer vos comp\u00e9tences ou celles de vos employ\u00e9s?<\/span><\/h2>\n<p style=\"padding-left: 40px;\"><span style=\"color: #ffffff;\">Cliquez sur le lien ci-dessous pour vous connecter \u00e0 MobiRhin.<\/span><\/p>\n<\/div><div class=\"cs-btn-align text-center\"><a href=\"https:\/\/mobirhin.eu\/home\" class=\"cs-btn cs-btn-custom cs-btn-square cs-btn-custom-own cs-btn-lg cs-btn-custom-69f302bb3decd cs-animation fadeIn\" title=\"https:\/\/mobirhin.eu\/home\">mobirhin<\/a><\/div><\/div><\/div><\/div><\/div><\/section>\n","protected":false},"excerpt":{"rendered":"<p><span class=\"entry-read-more\"><a href=\"https:\/\/www.participation4-0.eu\/fr\/arbeitgeber\/mobirhin\/\" class=\"cs-btn cs-btn-flat cs-btn-rounded cs-btn-xxs cs-btn-flat-accent\">Lire la suite<\/a><\/span><\/p>\n","protected":false},"author":1,"featured_media":0,"parent":5332,"menu_order":7,"comment_status":"open","ping_status":"open","template":"","meta":{"footnotes":""},"class_list":["post-5341","page","type-page","status-publish","hentry"],"_links":{"self":[{"href":"https:\/\/www.participation4-0.eu\/fr\/wp-json\/wp\/v2\/pages\/5341","targetHints":{"allow":["GET"]}}],"collection":[{"href":"https:\/\/www.participation4-0.eu\/fr\/wp-json\/wp\/v2\/pages"}],"about":[{"href":"https:\/\/www.participation4-0.eu\/fr\/wp-json\/wp\/v2\/types\/page"}],"author":[{"embeddable":true,"href":"https:\/\/www.participation4-0.eu\/fr\/wp-json\/wp\/v2\/users\/1"}],"replies":[{"embeddable":true,"href":"https:\/\/www.participation4-0.eu\/fr\/wp-json\/wp\/v2\/comments?post=5341"}],"version-history":[{"count":41,"href":"https:\/\/www.participation4-0.eu\/fr\/wp-json\/wp\/v2\/pages\/5341\/revisions"}],"predecessor-version":[{"id":6559,"href":"https:\/\/www.participation4-0.eu\/fr\/wp-json\/wp\/v2\/pages\/5341\/revisions\/6559"}],"up":[{"embeddable":true,"href":"https:\/\/www.participation4-0.eu\/fr\/wp-json\/wp\/v2\/pages\/5332"}],"wp:attachment":[{"href":"https:\/\/www.participation4-0.eu\/fr\/wp-json\/wp\/v2\/media?parent=5341"}],"curies":[{"name":"wp","href":"https:\/\/api.w.org\/{rel}","templated":true}]}}

<section class="cs-section"><div class="container"><div class="row"><div class="col-md-12"><div class="cs-column-inner"><div class="cs-column-text"><p><strong>Un outil au service de la transparence et de la reconnaissance des compétences</strong></p>
<p>L’outil numérique MobiRhin est un <strong>outil facilitateur de parcours</strong>. Il trace et valorise les compétences des salariés acquises en situation de travail, au rythme de chacun, et permet de les accompagner vers la certification partielle ou complète. L’outil fait partie d’un dispositif complet d’accompagnement de parcours professionnel.</p>
<p>MobiRhin vise une <strong>transparence</strong> totale du référentiel métier au poste de travail. Cette transparence se fait grâce à un travail d’analyse franco-allemand de descripteurs et indicateurs de performance qui donne légitimité franco-allemande pour chaque mesure d’activité réussie.</p>
<p>MobiRhin repose sur des référentiels métiers organisés selon le système européen ECVET en Unités d’Acquis d’Apprentissages, elles-mêmes décomposées en compétences, connaissances, aptitudes.</p>
<p>Cliquez sur le métier qui vous intéresse et retrouvez la version allemande correspondante:</p>
<p><a href="https://www.participation4-0.eu/wp-content/uploads/2021/02/Operateur-de-production_Produktionshelfer.pdf"><strong>Opérateur de production</strong> / Produktionshelfer</a></p>
<p><a href="https://www.participation4-0.eu/wp-content/uploads/2021/02/Agent-logistique_Fachpraktiker-Logistik.pdf"><strong>Agent logistique</strong> / Fachpraktiker für Lagerlogistik</a></p>
<p><a href="https://www.participation4-0.eu/wp-content/uploads/2021/02/Peintre-Maler.pdf"><strong>Peintre</strong> / Bauten-und Objektbeschichter im Maler- und Lackierergewerbe</a></p>
<p><a href="https://www.participation4-0.eu/wp-content/uploads/2021/02/ADVF_Hauswirtschaftskraft.pdf"><strong>Assistant(e) de vie aux familles</strong> / Hauswirtschaftsassistent und Kinderbetreuung</a></p>
<p><a href="https://www.participation4-0.eu/wp-content/uploads/2021/02/OuvrierEspacesverts_Helfer.pdf"><strong>Opérateur des espaces verts</strong> / Landschaftspflege Helfer</a></p>
<p><a href="https://www.participation4-0.eu/wp-content/uploads/2021/07/Agent-de-proprete_Reinigungskraft.pdf"><strong>Agent de propreté et d’hygiène / </strong>Helfer im Reinigungsgewerbe<br />
</a><strong><br />
</strong></p>
<p>Chaque unité peut faire l’objet d’une évaluation, validation, et reconnaissance. Les unités validées lors des évaluations sont accumulées et reconnues dans un passeport de compétences, généré automatiquement.</p>
</div><div class="cs-column-text"><p><strong>Un outil franco-allemand</strong></p>
<p>MobiRhin a été développé en franco-allemand. Il repose sur des référentiels valides et reconnus de part et d’autre de la frontière, composés de descripteurs communs permettant la concordance entre les pratiques professionnelles et référentiels métier français et allemands.</p>
<p>MobiRhin dispose donc d’une légitimité à la fois en France et en Allemagne, d’autant plus qu’il est utilisé de la même manière dans les deux pays, en toute confiance.</p>
<p>MobiRhin a vocation à être utilisé par les entreprises partenaires, françaises ou allemandes. Grâce à des évaluations en situation de travail, ces entreprises enrichissent le portefeuille de compétences de la personne, et facilitent ainsi sa mobilité professionnelle d’un pays à l’autre.</p>
</div><div class="cs-divider-icon text-center"><div class="cs-divider-icon-inner" style="color:#e0e0e0;border-top-color:#e0e0e0;"><i class="cs-in fa fa-check-circle"></i></div></div><div class="cs-column-text"><p style="text-align: center;"><strong><em>Pour en savoir plus, je télécharge le </em></strong><a href="https://www.participation4-0.eu/wp-content/uploads/2021/02/Tutoriel.pdf"><strong><em>tutoriel d&rsquo;utillisation</em></strong></a></p>
</div><div class="cs-divider-icon text-center"><div class="cs-divider-icon-inner" style="color:#e0e0e0;border-top-color:#e0e0e0;"><i class="cs-in fa fa-check-circle"></i></div></div>[vc_empty_space]</div></div></div></div></section><section class="cs-section lg-padding" style=" background-color: #7b2b29;"><div class="container"><div class="row"><div class="col-md-12"><div class="cs-column-inner"><div class="cs-column-text cs-animation fadeIn"><h2 style="padding-left: 40px;"><span style="color: #ffffff;">Vous souhaitez évaluer vos compétences ou celles de vos employés?</span></h2>
<p style="padding-left: 40px;"><span style="color: #ffffff;">Cliquez sur le lien ci-dessous pour vous connecter à MobiRhin.</span></p>
</div><div class="cs-btn-align text-center"><a href="https://mobirhin.eu/home" class="cs-btn cs-btn-custom cs-btn-square cs-btn-custom-own cs-btn-lg cs-btn-custom-69f302bb3decd cs-animation fadeIn" title="https://mobirhin.eu/home">mobirhin</a></div></div></div></div></div></section>
