{"id":5973,"date":"2020-09-28T16:42:48","date_gmt":"2020-09-28T14:42:48","guid":{"rendered":"https:\/\/www.participation4-0.eu\/?page_id=5973"},"modified":"2020-11-23T13:26:36","modified_gmt":"2020-11-23T12:26:36","slug":"faq","status":"publish","type":"page","link":"https:\/\/www.participation4-0.eu\/fr\/arbeitssuchend\/faq\/","title":{"rendered":"FAQ"},"content":{"rendered":"<section class=\"cs-section\"><div class=\"container\"><div class=\"row\"><div class=\"col-md-12\"><div class=\"cs-column-inner\"><div class=\"cs-column-text\"><h1><strong>Questions fr\u00e9quemment pos\u00e9es<\/strong><\/h1>\n<\/div><div class=\"cs-divider-icon text-center\"><div class=\"cs-divider-icon-inner\"><i class=\"cs-in fa fa-check-circle-o\"><\/i><\/div><\/div><\/div><\/div><\/div><\/div><\/section><section class=\"cs-section\"><div class=\"container\"><div class=\"row\"><div class=\"col-md-12\"><div class=\"cs-column-inner\">[vc_tta_accordion style=\u00a0\u00bbflat\u00a0\u00bb shape=\u00a0\u00bbsquare\u00a0\u00bb c_icon=\u00a0\u00bbchevron\u00a0\u00bb active_section=\u00a0\u00bb1&Prime; no_fill=\u00a0\u00bbtrue\u00a0\u00bb collapsible_all=\u00a0\u00bbtrue\u00a0\u00bb][vc_tta_section title=\u00a0\u00bbJ\u2019aimerais \u00e9tendre ma recherche d\u2019emploi en Allemagne mais est-ce que ma reconnaissance de travailleur handicap\u00e9 (RQTH) est aussi prise en compte en Allemagne?\u00a0\u00bb tab_id=\u00a0\u00bb1601304237028-96b11e3d-a385&Prime;]<div class=\"cs-column-text\"><p>La RQTH n\u2019est valable qu\u2019en France. Pour faire valoir vos droits en Allemagne concernant votre handicap, il faut faire une demande aupr\u00e8s du Landratsamt une fois que vous avez sign\u00e9 votre contrat de travail. Votre demande sera trait\u00e9e par le service concern\u00e9 qui \u00e9valuera si un taux d\u2019invalidit\u00e9 peut ou non vous \u00eatre attribu\u00e9.<\/p>\n<\/div>[\/vc_tta_section][vc_tta_section title=\u00a0\u00bbSi je travaille en Allemagne, est-ce que je perds mes droits \u00e0 la s\u00e9curit\u00e9 sociale en France ? Comment \u00e7a se passe pour mes m\u00e9dicaments?\u00a0\u00bb tab_id=\u00a0\u00bb1601304237036-a2ae25d4-d866&Prime;]<div class=\"cs-column-text\"><p>Lorsque vous \u00eates frontalier, vous \u00eates obligatoirement affili\u00e9 \u00e0 une caisse d\u2019assurance maladie allemande mais vous pouvez continuer \u00e0 aller chez votre m\u00e9decin et \u00e0 la pharmacie en France avec votre carte vitale. Dans la pratique, rien ne change pour vous. Les caisses se transmettent les demandes de remboursement entre elles.<\/p>\n<\/div>[\/vc_tta_section][vc_tta_section title=\u00a0\u00bbEn tant que frontalier dans quel pays dois-je payer mes imp\u00f4ts?\u00a0\u00bb tab_id=\u00a0\u00bb1601304537473-1e834f18-92ea\u00a0\u00bb]<div class=\"cs-column-text\"><p>Il existe un accord bilat\u00e9ral entre les deux pays. Vos imp\u00f4ts ne sont pas pr\u00e9lev\u00e9s sur votre fiche de paie allemande. Vous devez les d\u00e9clarer et les payer en France.<\/p>\n<\/div>[\/vc_tta_section][vc_tta_section title=\u00a0\u00bbEst-ce que je suis oblig\u00e9 de faire part de mon handicap \u00e0 mon employeur?\u00a0\u00bb tab_id=\u00a0\u00bb1601304602818-ebfb9e48-4e1b\u00a0\u00bb]<div class=\"cs-column-text\"><p>Non, cette information est personnelle et vous \u00eates libre de la communiquer ou pas \u00e0 votre employeur. <\/p>\n<\/div>[\/vc_tta_section][vc_tta_section title=\u00a0\u00bbEst-il vrai qu\u2019on est mieux pay\u00e9 en Allemagne qu\u2019en France?\u00a0\u00bb tab_id=\u00a0\u00bb1601304627609-b3a058ee-c51b\u00a0\u00bb]<div class=\"cs-column-text\"><p>Pas forc\u00e9ment. Le taux horaire brut du salaire minimum est de 10,03\u20ac en France et d\u2019un montant de 9,35\u20ac en Allemagne. Pour un temps plein en Allemagne, la dur\u00e9e hebdomadaire est en moyenne de 40 heures alors qu\u2019en France, elle est de 35 heures. Cela d\u00e9pend du poste et des conditions de travail.<\/p>\n<\/div>[\/vc_tta_section][vc_tta_section title=\u00a0\u00bbEn travaillant en Allemagne, est-ce que je cotise aussi pour ma retraite?\u00a0\u00bb tab_id=\u00a0\u00bb1601304665960-3c17e05b-d01d\u00a0\u00bb]<div class=\"cs-column-text\"><p>Oui, les cotisations pour la retraite seront, comme en France, pr\u00e9lev\u00e9es sur votre fiche de paie. Vous toucherez une pension de la part de tous les pays dans lesquels, vous avez cotis\u00e9 au moins un an. Chaque pays versera une pension partielle, calcul\u00e9e \u00e0 partir des p\u00e9riodes de cotisation dans ce pays. En Allemagne, l\u2019\u00e2ge l\u00e9gal est de 67 ans et la dur\u00e9e minimale de cotisation est de 5 ans. La pension allemande ne pourra donc \u00eatre per\u00e7ue que lorsque cet \u00e2ge est atteint. <\/p>\n<\/div>[\/vc_tta_section][vc_tta_section title=\u00a0\u00bbEst-ce que j\u2019ai droit \u00e0 des aides financi\u00e8res pour mes d\u00e9placements pour me rendre \u00e0 mon stage ou sur mon lieu de travail en Allemagne ? Mes revenus actuels ne me permettent malheureusement pas d\u2019avoir plus de d\u00e9penses\u00a0\u00bb tab_id=\u00a0\u00bb1601304694673-761da253-07d9&Prime;]<div class=\"cs-column-text\"><p>En tant que demandeur d\u2019emploi, certaines aides existent et peuvent \u00eatre attribu\u00e9es aussi pour le territoire allemand mais cela d\u00e9pend de la situation individuelle de chacun. Ce point doit \u00eatre abord\u00e9 avec votre conseiller emploi ou votre jobcoach.<\/p>\n<\/div>[\/vc_tta_section][vc_tta_section title=\u00a0\u00bbJe ne suis pas s\u00fbr que le CV que j\u2019ai fait en allemand corresponde aux exigences des entreprises en Allemagne. Qui peut m\u2019aider?\u00a0\u00bb tab_id=\u00a0\u00bb1601304714855-baf0b0c4-de0a\u00a0\u00bb]<div class=\"cs-column-text\"><p>Vous pouvez vous adresser \u00e0 votre jobcoach ou aux services du SPT (Service de Placement Transfrontalier) \u00e0 Kehl qui vous accompagne dans ces d\u00e9marches. <\/p>\n<\/div>[\/vc_tta_section][vc_tta_section title=\u00a0\u00bbJe me d\u00e9brouille en allemand mais relire mon contrat de travail en allemand est trop compliqu\u00e9 pour moi. Qui peut m\u2019aider?\u00a0\u00bb tab_id=\u00a0\u00bb1601470778876-505d7205-5fab\u00a0\u00bb]<div class=\"cs-column-text\"><p>IVotre jobcoach peut vous aider dans la relecture du contenu mais il n\u2019est pas juriste. Si certaines clauses sp\u00e9cifiques ont \u00e9t\u00e9 convenues avec votre employeur alors il vaut mieux s\u2019adresser \u00e0 un expert juridique. Le site ressource du travail frontalier <a href=\"https:\/\/www.frontaliers-grandest.eu\/fr\/contactez-nous\/juridique\" target=\"_blank\" rel=\"noopener noreferrer\">https:\/\/www.frontaliers-grandest.eu\/fr\/contactez-nous\/juridique<\/a> contient de nombreuses informations utiles et peut vous apporter une aide.<\/p>\n<\/div>[\/vc_tta_section][\/vc_tta_accordion]<\/div><\/div><\/div><\/div><\/section>\n","protected":false},"excerpt":{"rendered":"<p><span class=\"entry-read-more\"><a href=\"https:\/\/www.participation4-0.eu\/fr\/arbeitssuchend\/faq\/\" class=\"cs-btn cs-btn-flat cs-btn-rounded cs-btn-xxs cs-btn-flat-accent\">Lire la suite<\/a><\/span><\/p>\n","protected":false},"author":1,"featured_media":0,"parent":5210,"menu_order":0,"comment_status":"closed","ping_status":"closed","template":"","meta":{"footnotes":""},"class_list":["post-5973","page","type-page","status-publish","hentry"],"_links":{"self":[{"href":"https:\/\/www.participation4-0.eu\/fr\/wp-json\/wp\/v2\/pages\/5973","targetHints":{"allow":["GET"]}}],"collection":[{"href":"https:\/\/www.participation4-0.eu\/fr\/wp-json\/wp\/v2\/pages"}],"about":[{"href":"https:\/\/www.participation4-0.eu\/fr\/wp-json\/wp\/v2\/types\/page"}],"author":[{"embeddable":true,"href":"https:\/\/www.participation4-0.eu\/fr\/wp-json\/wp\/v2\/users\/1"}],"replies":[{"embeddable":true,"href":"https:\/\/www.participation4-0.eu\/fr\/wp-json\/wp\/v2\/comments?post=5973"}],"version-history":[{"count":23,"href":"https:\/\/www.participation4-0.eu\/fr\/wp-json\/wp\/v2\/pages\/5973\/revisions"}],"predecessor-version":[{"id":6404,"href":"https:\/\/www.participation4-0.eu\/fr\/wp-json\/wp\/v2\/pages\/5973\/revisions\/6404"}],"up":[{"embeddable":true,"href":"https:\/\/www.participation4-0.eu\/fr\/wp-json\/wp\/v2\/pages\/5210"}],"wp:attachment":[{"href":"https:\/\/www.participation4-0.eu\/fr\/wp-json\/wp\/v2\/media?parent=5973"}],"curies":[{"name":"wp","href":"https:\/\/api.w.org\/{rel}","templated":true}]}}

<section class="cs-section"><div class="container"><div class="row"><div class="col-md-12"><div class="cs-column-inner"><div class="cs-column-text"><h1><strong>Questions fréquemment posées</strong></h1>
</div><div class="cs-divider-icon text-center"><div class="cs-divider-icon-inner"><i class="cs-in fa fa-check-circle-o"></i></div></div></div></div></div></div></section><section class="cs-section"><div class="container"><div class="row"><div class="col-md-12"><div class="cs-column-inner">[vc_tta_accordion style= »flat » shape= »square » c_icon= »chevron » active_section= »1&Prime; no_fill= »true » collapsible_all= »true »][vc_tta_section title= »J’aimerais étendre ma recherche d’emploi en Allemagne mais est-ce que ma reconnaissance de travailleur handicapé (RQTH) est aussi prise en compte en Allemagne? » tab_id= »1601304237028-96b11e3d-a385&Prime;]<div class="cs-column-text"><p>La RQTH n’est valable qu’en France. Pour faire valoir vos droits en Allemagne concernant votre handicap, il faut faire une demande auprès du Landratsamt une fois que vous avez signé votre contrat de travail. Votre demande sera traitée par le service concerné qui évaluera si un taux d’invalidité peut ou non vous être attribué.</p>
</div>[/vc_tta_section][vc_tta_section title= »Si je travaille en Allemagne, est-ce que je perds mes droits à la sécurité sociale en France ? Comment ça se passe pour mes médicaments? » tab_id= »1601304237036-a2ae25d4-d866&Prime;]<div class="cs-column-text"><p>Lorsque vous êtes frontalier, vous êtes obligatoirement affilié à une caisse d’assurance maladie allemande mais vous pouvez continuer à aller chez votre médecin et à la pharmacie en France avec votre carte vitale. Dans la pratique, rien ne change pour vous. Les caisses se transmettent les demandes de remboursement entre elles.</p>
</div>[/vc_tta_section][vc_tta_section title= »En tant que frontalier dans quel pays dois-je payer mes impôts? » tab_id= »1601304537473-1e834f18-92ea »]<div class="cs-column-text"><p>Il existe un accord bilatéral entre les deux pays. Vos impôts ne sont pas prélevés sur votre fiche de paie allemande. Vous devez les déclarer et les payer en France.</p>
</div>[/vc_tta_section][vc_tta_section title= »Est-ce que je suis obligé de faire part de mon handicap à mon employeur? » tab_id= »1601304602818-ebfb9e48-4e1b »]<div class="cs-column-text"><p>Non, cette information est personnelle et vous êtes libre de la communiquer ou pas à votre employeur. </p>
</div>[/vc_tta_section][vc_tta_section title= »Est-il vrai qu’on est mieux payé en Allemagne qu’en France? » tab_id= »1601304627609-b3a058ee-c51b »]<div class="cs-column-text"><p>Pas forcément. Le taux horaire brut du salaire minimum est de 10,03€ en France et d’un montant de 9,35€ en Allemagne. Pour un temps plein en Allemagne, la durée hebdomadaire est en moyenne de 40 heures alors qu’en France, elle est de 35 heures. Cela dépend du poste et des conditions de travail.</p>
</div>[/vc_tta_section][vc_tta_section title= »En travaillant en Allemagne, est-ce que je cotise aussi pour ma retraite? » tab_id= »1601304665960-3c17e05b-d01d »]<div class="cs-column-text"><p>Oui, les cotisations pour la retraite seront, comme en France, prélevées sur votre fiche de paie. Vous toucherez une pension de la part de tous les pays dans lesquels, vous avez cotisé au moins un an. Chaque pays versera une pension partielle, calculée à partir des périodes de cotisation dans ce pays. En Allemagne, l’âge légal est de 67 ans et la durée minimale de cotisation est de 5 ans. La pension allemande ne pourra donc être perçue que lorsque cet âge est atteint. </p>
</div>[/vc_tta_section][vc_tta_section title= »Est-ce que j’ai droit à des aides financières pour mes déplacements pour me rendre à mon stage ou sur mon lieu de travail en Allemagne ? Mes revenus actuels ne me permettent malheureusement pas d’avoir plus de dépenses » tab_id= »1601304694673-761da253-07d9&Prime;]<div class="cs-column-text"><p>En tant que demandeur d’emploi, certaines aides existent et peuvent être attribuées aussi pour le territoire allemand mais cela dépend de la situation individuelle de chacun. Ce point doit être abordé avec votre conseiller emploi ou votre jobcoach.</p>
</div>[/vc_tta_section][vc_tta_section title= »Je ne suis pas sûr que le CV que j’ai fait en allemand corresponde aux exigences des entreprises en Allemagne. Qui peut m’aider? » tab_id= »1601304714855-baf0b0c4-de0a »]<div class="cs-column-text"><p>Vous pouvez vous adresser à votre jobcoach ou aux services du SPT (Service de Placement Transfrontalier) à Kehl qui vous accompagne dans ces démarches. </p>
</div>[/vc_tta_section][vc_tta_section title= »Je me débrouille en allemand mais relire mon contrat de travail en allemand est trop compliqué pour moi. Qui peut m’aider? » tab_id= »1601470778876-505d7205-5fab »]<div class="cs-column-text"><p>IVotre jobcoach peut vous aider dans la relecture du contenu mais il n’est pas juriste. Si certaines clauses spécifiques ont été convenues avec votre employeur alors il vaut mieux s’adresser à un expert juridique. Le site ressource du travail frontalier <a href="https://www.frontaliers-grandest.eu/fr/contactez-nous/juridique" target="_blank" rel="noopener noreferrer">https://www.frontaliers-grandest.eu/fr/contactez-nous/juridique</a> contient de nombreuses informations utiles et peut vous apporter une aide.</p>
</div>[/vc_tta_section][/vc_tta_accordion]</div></div></div></div></section>
